 - 2*u - 7 = 0, -4*s - 15*u = -11*u + 4. Determine q(s).
-22
Let c = -6402 + 6395. Let m(v) = 3*v**2 + 21*v - 7. Calculate m(c).
-7
Let o(p) be the first derivative of 2*p**3/3 - 2*p + 489. What is o(-3)?
16
Suppose -8*y - 13 = -69. Let o(l) = y*l**2 - 5 - 11*l**2 + 14*l**2 - 9*l**2 + 5*l. Give o(-5).
-5
Let z(k) = 111*k**2 - k - 33*k**2 + k**3 - 32*k**2 - 10 - 41*k**2. Calculate z(-5).
-5
Let m(k) = -19*k - 64. Let i(t) = -15*t - 54. Let x(q) = -5*i(q) + 4*m(q). Determine x(9).
5
Let z(y) = y - 21. Let q(x) = 14*x**2 + 7*x - 2. Let a be q(-1). What is z(a)?
-16
Let y be ((-19)/38)/(1/18). Let f be (0 - (-15)/y)*(18 - 15). Let r(k) = k + 8. Give r(f).
3
Let u(f) = -2*f + 44. Let k(m) = -98 - 13*m**2 + 35 + m**3 + 26*m + 39. Let j be k(11). Calculate u(j).
4
Let i be (-4 + (-10)/(-1))*(-4)/(-12). Let s(l) be the first derivative of -13 - l - 3/2*l**i. Give s(3).
-10
Let r(c) = c**2 + 6*c - 4. Let f(l) = -l**2 + 2*l - 163. Let u be f(0). Let g = -170 - u. Determine r(g).
3
Let y(t) be the second derivative of t**7/2520 + t**6/48 + 7*t**5/60 - t**4/2 + 2*t**2 + 136*t. Let c(h) be the third derivative of y(h). What is c(-14)?
0
Let x(w) = -w**3 - 3*w**2 + w + 24. Let o be x(0). Suppose -o*d = -21*d - 24. Let v(y) = 3 - y - 1 + 13. What is v(d)?
7
Let s(u) be the first derivative of 22 - 3/8*u**4 + 1/40*u**5 + 0*u**2 - 22/3*u**3 + 0*u. Let f(i) be the third derivative of s(i). Give f(6).
9
Let n(s) = -2*s - 2. Let d(h) = 2*h**2 - 5*h - 3. Let v be d(3). Suppose v = -18*z + 1 + 35. Give n(z).
-6
Let s be (28/(-1))/2 + -1. Let a = s - -10. Let r(u) be the second derivative of u**4/12 + u**3/2 - 2*u**2 - 46*u - 97. Give r(a).
6
Let h(f) = -8*f**2 + 48*f. Let g(x) = 2*x**2 - 13*x. Let r(j) = 22*g(j) + 6*h(j). Suppose 4*i - 23 + 3 = 0. Suppose i*c + 2 = 12. Determine r(c).
-12
Let z = 7229 + -7223. Let k(f) = -f**3 + 5*f**2 + 2*f + 17. Calculate k(z).
-7
Let p be ((-30)/4)/(78/52). Let r(u) = 17*u - 3. Let z(k) = 20*k - 2. Let b(a) = p*z(a) + 6*r(a). Let h(q) = -9*q**3 - 2*q**2 - q. Let y be h(-1). What is b(y)?
8
Let j(a) = -a**2 + 20*a - 95. Let u be 35/(-10) - -3 - (-17)/2. Let n be j(u). Let c(s) = -s - 1. Calculate c(n).
-2
Let x(n) be the second derivative of n**4/12 + 7*n**3/6 + 9*n**2/2 - 461*n. Suppose -4 = -2*a - 0. Suppose -12 = -0*b + a*b. Determine x(b).
3
Let k(q) = -q**3 + 5*q**2 + q. Let c = 8 - 3. Let a be k(c). Let m(y) = 10*y - 1. Let b(h) = 12*h. Let s(w) = 4*b(w) - 5*m(w). Give s(a).
-5
Let w(s) = s - 2. Let x be w(6). Let u(h) = -h**3 + 52*h**2 + 2242*h + 57. Let o be u(-28). Let v(y) = y**2 + x + 4 - o - 9*y + 0. Calculate v(8).
-1
Suppose 9 = 7*p - 26. Suppose -12 - 15 = -m - 5*u, -4*m + p*u + 8 = 0. Let r be 500/(-140) - 3/m. Let h(y) = 2*y + 3. Give h(r).
-5
Let a(k) be the third derivative of k**5/60 - 5*k**4/12 + 5*k**3/6 + k**2 + 530. Determine a(10).
5
Let n(k) = -k**2 - 4*k. Let g be (-5 + 5)*(-2)/(-4). Let a be n(g). Suppose 2*z - 4 + 5 = -v, 2*v + 3*z + 4 = a. Let l(p) = -p - 5. Calculate l(v).
0
Let m = -3889 + 3885. Let s(v) = -v**2 + v + 3. Give s(m).
-17
Let a(b) = -b + 5. Suppose -12 = -3*z, -5*z = -2*v - 0*z + 8. Suppose -74 + 4 = v*i. Calculate a(i).
10
Let o(s) = 2*s**3 - 30*s**2 + 37*s + 97. Let q(u) = u**3 - 12*u**2 + 17*u + 49. Let v(p) = 5*o(p) - 11*q(p). Calculate v(-18).
-18
Let x(t) = -7*t**2 + 0*t - 7 + t**3 - t + 13. Suppose -2*w + l = -8, -48*w = -45*w - 3*l - 3. Give x(w).
-1
Let g(o) = 5*o**3 - 3*o**2 - 7*o + 9. Let y(z) = 13*z**3 - 6*z**2 - 16*z + 16. Let l(j) = -5*g(j) + 2*y(j). Determine l(-4).
-41
Let v(b) be the first derivative of -b**3/3 - 2*b**2 + 50*b - 3549. What is v(-9)?
5
Suppose -2*o - 2*o - 48 = -4*q, 4*o - 15 = -5*q. Suppose -13*h = -q - 71. Let g(l) = 9*l**2 - h + 6*l - 4*l**2 - 6*l**2. Calculate g(4).
2
Let z(q) = -2*q**2 - 1. Let a(l) = -7*l**2 - 4*l - 8. Let u(k) = a(k) - 3*z(k). Suppose 5*p + 15 = -5. Give u(p).
-5
Let c(z) be the third derivative of z**4/6 - z**3/6 - 26*z**2. Let w = -148 + 146. Calculate c(w).
-9
Let y(c) = -33*c**3 - 17*c**2 - 4*c + 23. Let w(l) = 94*l**3 + 52*l**2 + 10*l - 67. Let d(q) = -6*w(q) - 17*y(q). What is d(-8)?
11
Suppose 0 = -4*j + 5*j. Suppose 8*m - 27 + 11 = j. Let v be (-5 + -3 + m)/((-10)/(-5)). Let r(d) = -d**3 - 2*d**2 + 4*d. Give r(v).
-3
Let r(y) = 4*y. Let a be ((-112)/(-32))/(49/(-14)). Give r(a).
-4
Let g(h) = h - 40. Suppose 9 = 4*d - 3*f, -4*d - 3*f + 44 = f. Let p(b) = b - 38. Let n(a) = d*p(a) - 5*g(a). What is n(0)?
-28
Suppose -215*s = -247*s + 96. Let w(x) = x - 8. Let l(i) = 1. Let v(z) = 6*l(z) + w(z). Let q(f) = -12*f + 27. Let b(t) = 2*q(t) + 27*v(t). Determine b(s).
9
Let z(q) = -5120 - 5111 - 5117 - q**2 + 15352 - 4*q. What is z(-5)?
-1
Let k(l) be the first derivative of 3*l**2/2 - 7*l - 6500. Calculate k(-6).
-25
Let u(i) = -7*i + 23. Let c be u(4). Let s be -2*2/16*(c - 7). Let r(m) = m**3 - m**2 - m - 2. What is r(s)?
13
Let q(y) be the third derivative of y**5/60 + y**4/24 + y**3/2 - 686*y**2. Let l be 6 - (2 - 2)/(-1). Let r = l + -9. Calculate q(r).
9
Let d(a) = -2*a**3 - 13*a**2 - 9*a - 15. Suppose -3*r + 4*s - 6*s - 20 = 0, -2*s = -4*r - 22. What is d(r)?
3
Suppose -68*w - 4*w + 1368 = 0. Let v(c) = c**3 - 21*c**2 + 36*c + 24. Determine v(w).
-14
Let c(h) = -651 + 73 + 244*h - 265 + 116. What is c(3)?
5
Suppose 5*t = -4*m + 8, 5*m + 6*t = 3*t + 10. Let x(h) = 5*h**2 + 3*h + 1 + 2*h**3 - m*h**3 + h**3. Let g be 3661/523 + (1 - 2 - 8). Calculate x(g).
7
Let h be (580/(-29) + 21)/((-1)/17). Let m(p) = -p**3 - 18*p**2 - 20*p - 55. Calculate m(h).
-4
Let f be 2 + -24 + 16 + 7. Let d(i) = -106*i**2 + 6*i - 6. Give d(f).
-106
Let r(y) = -11*y**3 + 2*y**3 + 551*y - 554*y + 8*y**3 + 25 - 13*y**2. What is r(-13)?
64
Let z be (-9 - 195/45)*(-12)/10. Let r(n) = n**3 - 15*n**2 - 18*n + 28. Determine r(z).
-4
Let p(q) = -71*q**2 + 14*q - 18. Let m(u) = 53*u**2 - 14*u + 17. Let y(l) = 4*m(l) + 3*p(l). Let g = -33 + 18. Determine y(g).
-1
Let n(j) = j + 3. Let q be n(-12). Let u(t) = -8*t + 187 - 181 + 2*t**2 - 3*t**2. Let s be u(q). Let a(y) = 2*y - 4. What is a(s)?
-10
Let u = 251 + -237. Let t(w) = -15*w + 0 - u + 7*w + 9*w. What is t(11)?
-3
Let w = -2547 - -2562. Let j(h) be the third derivative of 0*h + 5/6*h**3 - 1/60*h**5 + 7/24*h**4 + w*h**2 + 0. Give j(7).
5
Suppose 4*q = -2*z - 4, -z = 3*q - 8 + 12. Let a(c) = -9*c + 5. Give a(z).
-13
Let l(w) = -9*w + 1. Let c(p) be the third derivative of -p**4/3 + 203*p**2. Let i(u) = 4*c(u) - 3*l(u). Determine i(-2).
7
Suppose 3*h + 60*p = 62*p - 2, 0 = -5*h + 5*p. Let b(y) = -7*y - 1. Give b(h).
13
Let j(c) = c**2 + 10*c - 1. Let k be 268/22 + (24/66)/(-2). Suppose -48 = 6*x + k. Give j(x).
-1
Suppose 3*k - 10535 = 4*i - 1426, 5*k - 2*i - 15205 = 0. Let t(v) = 3044*v + 4 + k*v - 6090*v. Calculate t(-4).
16
Let f(i) = i**3 - i + 3. Suppose 0 = n + k - 3, -4*n + 15*k - 28 = 11*k. Give f(n).
-3
Let t = -3483 - -3484. Let m(s) = -2*s**3 - s**2 - 8*s + 8. Calculate m(t).
-3
Let k(q) = 2*q**2 - 11 - 95*q**3 + 230*q**3 - 4*q**2 + 2 - 143*q**3 - 2*q. Determine k(-3).
195
Let b(z) = 2*z - 5. Let i be 3*6/81 + 28/36. Suppose -w + i - 4 = 5*d, 2*d - 15 = 5*w. Give b(d).
-5
Let y(o) = -8*o**2 - 3*o + 59920 - 59911 - 4*o - o**3. What is y(-7)?
9
Let r(a) = a**2 + a + 56. Let j = 13469 + -13469. Determine r(j).
56
Suppose 0 = 17*j - 1234 + 826. Let u(x) = -x**2 + 24*x - 20. Give u(j).
-20
Suppose 0 = m - 2*m, -5*m = 5*z - 15. Suppose -7*y = -6*y - z. Let w(v) be the first derivative of v**4/4 - 2*v**3 + 2*v**2 + 2. Give w(y).
-15
Suppose 18*o = 12*o + 102. Suppose 2*u + o*u = -190. Let d(s) = -s**2 - 13*s - 15. What is d(u)?
15
Suppose c = -5*n - 38, -4*c - 132 = 2*n - 106. Let z(m) be the first derivative of -m**4/4 - 4*m**3/3 - m**2/2 + m + 1. Calculate z(c).
-5
Let u(b) = 1845*b - 1849*b - 94 + 95. Determine u(14).
-55
Let q be (-12)/(-21) + 45/7. Let g(o) = 531*o + 526*o + 0 - 1063*o - 4 + o**2. What is g(q)?
3
Let i(y) = -y**2 + 14*y - 27. Let j be i(11). Suppose j*h - 160 = -208. Let d(v) = -v - 6. Determine d(h).
2
Let y(g) be the third derivative of g**7/2520 + 11*g**6/720 + g**5/24 - 35*g**4/24 - 22*g**2. Let h(w) be the second derivative of y(w). Give h(-11).
5
Let v(b) = b**2 + 2*b - 1. Let r(p) = -p. Let d(o) = 3*r(o) + v(o). Let i be (-19 + 1 - -27) + (-55)/5. Calculate d(i).
5
L